de 81?
False
Does 120 divide 1453?
False
Is 928 a multiple of 3?
False
Is 2544 a multiple of 79?
False
Is 967 a multiple of 5?
False
Does 75 divide 16844?
False
Is 18 a factor of 864?
True
Is 45 a factor of 315?
True
Is 1769 a multiple of 29?
True
Is 118482 a multiple of 9?
False
Is 23760 a multiple of 72?
True
Does 13 divide 2119?
True
Does 18 divide 20466?
True
Is 1977 a multiple of 41?
False
Is 3372 a multiple of 102?
False
Is 5 a factor of 729?
False
Does 27 divide 1323?
True
Is 1708 a multiple of 14?
True
Is 3 a factor of 366?
True
Is 400 a multiple of 10?
True
Is 8344 a multiple of 56?
True
Is 5 a factor of 225?
True
Does 16 divide 3916?
False
Is 20 a factor of 30020?
True
Is 71 a factor of 2126?
False
Is 19089 a multiple of 21?
True
Does 7 divide 23275?
True
Is 2443 a multiple of 9?
False
Is 9462 a multiple of 57?
True
Is 6500 a multiple of 18?
False
Is 6 a factor of 1438?
False
Is 21771 a multiple of 68?
False
Does 27 divide 540?
True
Does 9 divide 117?
True
Is 3478 a multiple of 74?
True
Is 134 a factor of 1206?
True
Does 37 divide 21201?
True
Does 9 divide 1341?
True
Is 137 a factor of 10001?
True
Does 23 divide 11082?
False
Does 71 divide 30246?
True
Is 38401 a multiple of 13?
False
Is 623 a multiple of 31?
False
Is 108 a factor of 2113?
False
Is 1804 a multiple of 11?
True
Does 96 divide 4800?
True
Is 112 a multiple of 28?
True
Is 6 a factor of 65522?
False
Is 464 a multiple of 64?
False
Does 13 divide 104?
True
Is 1098 a multiple of 9?
True
Is 12 a factor of 444?
True
Is 2610 a multiple of 90?
True
Is 19 a factor of 66?
False
Does 16 divide 693?
False
Is 19 a factor of 92?
False
Is 5 a factor of 1590?
True
Does 38 divide 74480?
True
Is 25 a factor of 125?
True
Does 12 divide 10610?
False
Is 602 a multiple of 17?
False
Is 2 a factor of 25?
False
Is 24534 a multiple of 10?
False
Is 1021 a multiple of 23?
False
Is 10 a factor of 160?
True
Is 2479 a multiple of 42?
False
Does 57 divide 38304?
True
Is 20400 a multiple of 50?
True
Does 18 divide 1406?
False
Is 290 a multiple of 10?
True
Is 153 a factor of 1712?
False
Is 8131 a multiple of 17?
False
Is 5 a factor of 2275?
True
Is 4 a factor of 1016?
True
Is 4 a factor of 80?
True
Is 950 a multiple of 25?
True
Does 2 divide 128?
True
Is 4 a factor of 76?
True
Is 22864 a multiple of 8?
True
Is 8 a factor of 264?
True
Is 91 even?
False
Is 13 a factor of 425?
False
Is 5 a factor of 565?
True
Is 5507 a multiple of 10?
False
Does 98 divide 33739?
False
Is 75 a factor of 2775?
True
Is 1091 a multiple of 86?
False
Does 335 divide 58710?
False
Is 5 a factor of 615?
True
Does 57 divide 1026?
True
Is 8 a factor of 624?
True
Does 5 divide 15?
True
Is 11185 a multiple of 8?
False
Is 176 a factor of 114970?
False
Is 6720 a multiple of 70?
True
Is 859 a multiple of 11?
False
Is 1645 a multiple of 7?
True
Is 100340 a multiple of 128?
False
Is 24 a factor of 37416?
True
Does 20 divide 2314?
False
Does 55 divide 2420?
True
Is 1582 a multiple of 51?
False
Is 918 a multiple of 54?
True
Is 47 a factor of 6298?
True
Is 82286 a multiple of 23?
False
Is 35927 a multiple of 4?
False
Is 84489 a multiple of 7?
False
Does 42 divide 1386?
True
Is 198 a multiple of 22?
True
Is 25 a factor of 202?
False
Does 18 divide 306?
True
Is 17717 a multiple of 176?
False
Is 435 a multiple of 29?
True
Does 23 divide 1361?
False
Does 118 divide 11338?
False
Is 28 a factor of 13208?
False
Is 45 a multiple of 5?
True
Is 1365 a multiple of 21?
True
Is 29 a factor of 24184?
False
Is 1294 a multiple of 21?
False
Does 13 divide 14950?
True
Is 3445 a multiple of 13?
True
Does 9 divide 2412?
True
Is 3 a factor of 1742?
False
Is 10370 a multiple of 17?
True
Is 35360 a multiple of 17?
True
Is 720 a multiple of 24?
True
Is 473 a multiple of 43?
True
Is 2517 a multiple of 66?
False
Is 21163 a multiple of 9?
False
Is 1124 a multiple of 4?
True
Is 49504 a multiple of 68?
True
Is 26 a factor of 1326?
True
Is 28 a factor of 1428?
True
Is 6 a factor of 3198?
True
Does 6 divide 9598?
False
Is 6762 a multiple of 69?
True
Is 854 a multiple of 7?
True
Is 4189 a multiple of 33?
False
Does 55 divide 11801?
False
Is 38 a factor of 6136?
False
Is 7 a factor of 595?
True
Is 656 a multiple of 16?
True
Is 1146 a multiple of 28?
False
Is 11310 a multiple of 13?
True
Does 3 divide 41?
False
Does 212 divide 35192?
True
Is 6 a factor of 561?
False
Is 95 a factor of 166987?
False
Is 31 a factor of 565?
False
Is 4120 a multiple of 33?
False
Is 21 a factor of 315?
True
Does 33 divide 11814?
True
Is 81 a multiple of 45?
False
Is 213 a multiple of 11?
False
Does 16 divide 296?
False
Is 16 a factor of 8697?
False
Is 3 a factor of 139?
False
Is 10 a factor of 5630?
True
Is 4250 a multiple of 9?
False
Is 83 a factor of 24044?
False
Is 88 a factor of 773?
False
Is 15 a factor of 8355?
True
Is 14762 a multiple of 22?
True
Is 293 a multiple of 7?
False
Does 24 divide 5755?
False
Does 28 divide 4058?
False
Does 12 divide 280?
False
Is 924 a multiple of 28?
True
Does 59 divide 8686?
False
Is 7675 a multiple of 25?
True
Is 126 a multiple of 6?
True
Does 48 divide 9135?
False
Does 47 divide 2444?
True
Does 20 divide 832?
False
Does 73 divide 63145?
True
Does 8 divide 473?
False
Is 246 a multiple of 3?
True
Is 4345 a multiple of 11?
True
Is 12 a factor of 26574?
False
Is 832 a multiple of 4?
True
Does 22 divide 2310?
True
Is 246 a multiple of 82?
True
Is 9206 a multiple of 108?
False
Does 24 divide 464?
False
Is 109 a factor of 36515?
True
Is 1530 a multiple of 15?
True
Is 30 a factor of 5730?
True
Is 144 a multiple of 53?
False
Does 2 divide 480?
True
Is 76 a multiple of 19?
True
Does 3 divide 4260?
True
Does 4 divide 7596?
True
Is 851 a multiple of 37?
True
Is 169 a factor of 8179?
False
Does 47 divide 388?
False
Is 5 a multiple of 5?
True
Is 5 a factor of 883?
False
Does 30 divide 6387?
False
Does 30 divide 2310?
True
Does 36 divide 33264?
True
Does 46 divide 40894?
True
Is 76 a multiple of 2?
True
Does 19 divide 1173?
False
Does 24 divide 336?
True
Is 35 a factor of 1708?
False
Is 902 a multiple of 15?
False
Does 103 divide 22074?
False
Is 7 a factor of 393?
False
Is 3087 a multiple of 49?
True
Does 20 divide 12750?
False
Is 17 a factor of 3318?
False
Is 39 a factor of 5799?
False
Is 192 a factor of 85131?
False
Is 143 a factor of 27456?
True
Does 11 divide 3385?
False
Is 9 a factor of 792?
True
Does 8 divide 2872?
True
Does 74 divide 4366?
True
Is 28 a factor of 308?
True
Is 1604 a multiple of 11?
False
Is 16097 a multiple of 38?
False
Does 44 divide 1276?
True
Does 57 divide 350?
False
Is 2753 a multiple of 80?
False
Is 3905 a multiple of 11?
True
Is 76 a factor of 63549?
False
Is 8 a factor of 48?
True
Is 2100 a multiple of 3?
True
Is 1584 a multiple of 72?
True
Does 87 divide 3636?
False
Is 15 a factor of 17924?
False
Does 50 divide 1300?
True
Is 1952 a multiple of 15?
False
Does 9 divide 1423?
False
Does 60 divide 2995?
False
Does 32 divide 112?
False
Is 15 a factor of 155730?
True
Is 4 a factor of 1168?
True
Is 175 a multiple of 7?
True
Is 6122 a multiple of 142?
False
Does 135 divide 39417?
False
Is 693 a multiple of 9?
True
Is 77 a factor of 3157?
True
Does 2 divide 99?
False
Is 297 a multiple of 33?
True
Is 6 a factor of 10459?
False
Is 4853 a multiple of 3?
False
Is 211 a multiple of 28?
False
Is 268 a multiple of 4?
True
Does 5 divide 5634?
False
Is 2349 a multiple of 29?
True
Is 19 a factor of 61?
False
Does 295 divide 20355?
True
Does 10 divide 16660?
True
Is 83 a factor of 7464?
False
Is 15913 a multiple of 14?
False
Is 26 a factor of 5954?
True
Does 12 divide 2856?
True
Is 12 a factor of 443?
False
Is 13 a factor of 208?
True
Does 55 divide 16885?
True
Does 45 divide 563?
False
Does 79 divide 2054?
True
Does 3 divide 63?
True
Is 12 a factor of 889?
False
Is 7600 a multiple of 16?
True
Is 6 a factor of 762?
True
Does 41 divide 5699?
True
Is 18724 a multiple of 151?
True
Is 1360 a multiple of 33?
False
Does 8 divide 2114?
False
Is 71 a factor of 20965?
False
Does 11 divide 308?
True
Is 6621 a multiple of 32?
False
Is 4470 a multiple of 26?
False
Is 188 a factor of 12596?
True
Does 14 divide 965?
False
Is 61 a factor of 366?
True
Does 34 divide 7998?
False
Does 7 divide 945?
True
Does 32 divide 640?
True
Is 119 a factor of 89519?
False
Does 5 divide 795?
T